actors of 2679689162?
2, 1339844581
What are the prime factors of 334379765?
5, 19, 3519787
What are the prime factors of 782119?
13, 17, 3539
What are the prime factors of 333759569?
11, 13, 71, 463
List the prime factors of 6274993916.
2, 71, 22095049
List the prime factors of 61588970.
2, 5, 41, 150217
List the prime factors of 1983287717.
47, 2819, 14969
List the prime factors of 35393880.
2, 3, 5, 294949
What are the prime factors of 1994423379?
3, 13, 51139061
What are the prime factors of 29994455?
5, 5998891
What are the prime factors of 203446731?
3, 613, 110629
List the prime factors of 69913269.
3, 7768141
What are the prime factors of 227790995?
5, 43, 911, 1163
What are the prime factors of 7088574973?
13613, 520721
List the prime factors of 1333349375.
5, 43, 49613
List the prime factors of 8864095.
5, 1772819
What are the prime factors of 1795481853?
3, 11, 4946231
List the prime factors of 4186159412.
2, 1046539853
List the prime factors of 236585204.
2, 59146301
What are the prime factors of 330470039?
330470039
What are the prime factors of 78075343?
3943, 19801
What are the prime factors of 260369177?
23, 127, 89137
List the prime factors of 1071895937.
7, 79, 181, 10709
List the prime factors of 710566566.
2, 3, 89, 1330649
What are the prime factors of 315255658?
2, 12541, 12569
List the prime factors of 24020947.
23, 83, 12583
List the prime factors of 672570541.
17, 5897, 6709
List the prime factors of 26788799.
26788799
What are the prime factors of 62525196?
2, 3, 192979
List the prime factors of 1120734159.
3, 17383, 21491
What are the prime factors of 131454722?
2, 7, 1531, 6133
List the prime factors of 1568578030.
2, 5, 9803, 16001
List the prime factors of 41495111.
7, 120977
What are the prime factors of 493859301?
3, 13, 97, 130547
What are the prime factors of 372776658?
2, 3, 101, 107, 5749
What are the prime factors of 1445079472?
2, 71, 89, 14293
What are the prime factors of 828231954?
2, 3, 11, 53, 236773
What are the prime factors of 27039075?
3, 5, 7, 51503
What are the prime factors of 88705707?
3, 463, 63863
List the prime factors of 42500781.
3, 524701
List the prime factors of 674473347.
3, 74941483
List the prime factors of 1978524862.
2, 989262431
List the prime factors of 1918383845.
5, 7, 54810967
List the prime factors of 32172113.
53, 109, 5569
List the prime factors of 416673903.
3, 1367, 101603
List the prime factors of 117296743.
117296743
What are the prime factors of 2572526287?
23, 29, 3856861
List the prime factors of 1939705997.
2423, 800539
What are the prime factors of 20444381?
20444381
List the prime factors of 6304592144.
2, 431, 914239
What are the prime factors of 107415332?
2, 71, 378223
What are the prime factors of 238720268?
2, 53, 139, 8101
What are the prime factors of 8944926?
2, 3, 31, 48091
List the prime factors of 203229188.
2, 50807297
List the prime factors of 70117979.
17, 67, 61561
What are the prime factors of 181360028?
2, 47, 113, 8537
What are the prime factors of 2258968096?
2, 7, 11, 89, 10301
What are the prime factors of 3438655926?
2, 3, 17, 2053, 16421
What are the prime factors of 412571562?
2, 3, 13, 23, 151, 1523
List the prime factors of 4338088755.
3, 5, 7, 11, 13, 43, 6719
What are the prime factors of 9556426?
2, 11, 434383
List the prime factors of 1811952012.
2, 3, 13, 37, 313921
List the prime factors of 2706766373.
2706766373
What are the prime factors of 473152003?
19, 617, 40361
List the prime factors of 386883279.
3, 1741, 24691
What are the prime factors of 240482597?
47, 1933, 2647
List the prime factors of 106784138.
2, 4679, 11411
What are the prime factors of 14437171?
7, 79, 26107
List the prime factors of 1834141568.
2, 7, 619, 3307
List the prime factors of 912868849.
1579, 578131
What are the prime factors of 101498526?
2, 3, 31, 59, 3083
List the prime factors of 42869497.
11, 31, 125717
What are the prime factors of 2999659425?
3, 5, 7, 23, 41, 73, 83
What are the prime factors of 10376181?
3, 53, 2417
List the prime factors of 99691435.
5, 19938287
List the prime factors of 33269792.
2, 1039681
What are the prime factors of 326015134?
2, 163007567
List the prime factors of 137615894.
2, 13, 89, 59471
List the prime factors of 208415175.
3, 5, 71, 39139
List the prime factors of 155568597.
3, 71, 743, 983
What are the prime factors of 3567875998?
2, 1783937999
What are the prime factors of 92468269?
19, 29, 283, 593
What are the prime factors of 402295616?
2, 17, 43, 8599
List the prime factors of 162747116.
2, 7, 5812397
What are the prime factors of 95829131?
1511, 63421
List the prime factors of 24974644.
2, 6243661
What are the prime factors of 1833162858?
2, 3, 139, 383, 1913
What are the prime factors of 182083456?
2, 23, 127, 487
List the prime factors of 734100717.
3, 7, 3271, 10687
List the prime factors of 187152295.
5, 11, 113, 30113
What are the prime factors of 310559843?
11, 28232713
What are the prime factors of 21943186?
2, 353, 31081
List the prime factors of 337513671.
3, 11, 61, 55889
What are the prime factors of 124791323?
79, 1579637
List the prime factors of 1062607612.
2, 11, 24150173
What are the prime factors of 886520562?
2, 3, 147753427
What are the prime factors of 647704707?
3, 13, 16607813
What are the prime factors of 40152763?
7, 1301, 4409
List the prime factors of 57923881.
43, 47, 28661
What are the prime factors of 420713280?
2, 3, 5, 13, 17, 661
What are the prime factors of 1118056236?
2, 3, 11, 8470123
List the prime factors of 107429262.
2, 3, 919, 19483
What are the prime factors of 95638282?
2, 211, 226631
List the prime factors of 5938957869.
3, 13, 547, 278393
List the prime factors of 224101799.
5867, 38197
List the prime factors of 3357653615.
5, 37, 53, 73, 4691
What are the prime factors of 13252504?
2, 1656563
What are the prime factors of 2289845724?
2, 3, 19, 857, 11719
What are the prime factors of 1447771?
13, 17, 6551
List the prime factors of 697200398.
2, 37, 137, 68771
List the prime factors of 24645420.
2, 3, 5, 23, 5953
List the prime factors of 179534190.
2, 3, 5, 11, 131, 4153
What are the prime factors of 9329392?
2, 583087
List the prime factors of 9033270511.
41, 67, 113, 29101
List the prime factors of 51404142.
2, 3, 67, 71, 1801
List the prime factors of 63057507.
3, 83, 253243
List the prime factors of 75906626.
2, 37953313
List the prime factors of 922289061.
3, 307429687
List the prime factors of 162741406.
2, 1289, 63127
List the prime factors of 7400559071.
19, 13043, 29863
What are the prime factors of 79462239?
3, 443, 59791
What are the prime factors of 206376398?
2, 727, 141937
List the prime factors of 15799747.
15799747
What are the prime factors of 255558567?
3, 11, 137, 56527
What are the prime factors of 130569951?
3, 61, 713497
What are the prime factors of 7040167465?
5, 1087, 1295339
What are the prime factors of 512879027?
19, 26993633
List the prime factors of 795283600.
2, 5, 97, 103, 199
List the prime factors of 105015032.
2, 29, 163, 2777
List the prime factors of 2144468049.
3, 714822683
List the prime factors of 783122769.
3, 11, 13, 18439
List the prime factors of 1741503052.
2, 17, 23, 71, 15683
What are the prime factors of 259039699?
109, 223, 10657
List the prime factors of 931876264.
2, 11, 173, 61211
List the prime factors of 9972642.
2, 3, 17, 97771
What are the prime factors of 602439956?
2, 150609989
What are the prime factors of 46982748?
2, 3, 37, 105817
List the prime factors of 8725293541.
8725293541
List the prime factors of 5027158739.
5027158739
List the prime factors of 989109631.
73, 13549447
What are the prime factors of 4383937770?
2, 3, 5, 23, 59, 107687
List the prime factors of 1253242.
2, 626621
What are the prime factors of 39617937?
3, 23, 131, 487
What are the prime factors of 279633873?
3, 73, 1276867
What are the prime factors of 2633616042?
2, 3, 139, 1129, 2797
List the prime factors of 1587765438.
2, 3, 7, 19, 509, 1303
What are the prime factors of 409036225?
5, 13, 313, 4021
List the prime factors of 300354670.
2, 5, 7, 11, 35461
List the prime factors of 91680439.
17, 5392967
What are the prime factors of 64242988?
2, 16060747
List the prime factors of 42821768.
2, 11, 23, 21157
What are the prime f